the greatest common divisor of m and 75?
15
Let g be (-288)/(-14)*3836/822. Calculate the greatest common divisor of 18936 and g.
24
Let h be (-3)/(21/(-2)) + -12 + 3464/28. What is the greatest common factor of 42 and h?
14
Let s = 39 - 28. Suppose -3*k + 41 = 5*b + 14, -b - 2*k + 11 = 0. Suppose -60 = -b*w + 6. Calculate the greatest common factor of s and w.
11
Let j(v) = -4*v + 12. Let u be j(1). Suppose 0 = w + u*w - 54. Calculate the highest common divisor of w and 14.
2
Let h = 36 - 28. Suppose -2*j - h = 0, -91 = -3*i - j - 4*j. Let g be i + 1 + -4 + 1. What is the greatest common divisor of g and 7?
7
Let d = 94 + -264. Let c = -98 - d. Suppose -4*t - c = -7*t. Calculate the greatest common factor of t and 3.
3
Let n = 5037 - 4965. What is the highest common divisor of 136 and n?
8
Let z(n) = 2*n**2 - 12*n - 47. Let k be z(13). Let c = -274 + 499. What is the greatest common divisor of c and k?
45
Let d(r) = 2829*r - 5609. Let o be d(2). Suppose -5*q + 4*q = -98. Calculate the highest common divisor of o and q.
49
Suppose -4 - 1205 = -7*x + 324. Calculate the highest common factor of x and 39.
3
Suppose -17*i + 42*i - 3311 = -18*i. Calculate the greatest common factor of i and 63.
7
Suppose -4*x + 2*d + 0*d = -20, -x - 4*d = 4. Let f be 11/3*((x - 1) + 0). Suppose 0 = t - f - 3. What is the highest common divisor of t and 140?
14
Suppose -243 = -92*c + 11*c. Calculate the highest common divisor of 537 and c.
3
Suppose -40*w = -44*w + 3*l + 399, -3*l = -2*w + 201. Calculate the highest common divisor of w and 1507.
11
Let x(n) = -n**2 + 28*n + 1460. Let q be x(-24). What is the highest common factor of q and 36?
4
Let q = -2522 + 2780. Calculate the highest common factor of 688 and q.
86
Suppose 0 = -19*t + 12*t - 966. Let k = t + 193. What is the highest common factor of 11 and k?
11
Let h(d) = -17*d - 78. Let o(g) = -18*g - 79. Let u(q) = -3*h(q) + 2*o(q). Let f be u(-4). Calculate the greatest common divisor of f and 1024.
16
Suppose -3*n - 21*n - 21*n = -3825. What is the greatest common factor of 1717 and n?
17
Suppose 0 = 7*c - 25*c + 19602. What is the greatest common factor of 45 and c?
9
Suppose -f + 54 = f. Suppose -3*n = -3*w - f, 3*n = -w + 13 - 2. Suppose -3066*m = 337*m - 289255. What is the highest common divisor of n and m?
5
Suppose 5*t - 115 = -0*t. Let j(p) be the third derivative of 8*p**4/3 - 4*p**3/3 - 4*p**2. Let z be j(3). Calculate the greatest common factor of z and t.
23
Suppose 3*z = -4*z + 7. Let f(n) = 5*n - 2. Let t be f(z). Suppose -3*c - 17 = -l, -t*l - l + c + 57 = 0. Calculate the greatest common divisor of 2 and l.
2
Let g(o) = -o + 59. Let r be g(25). Suppose -19 = v - r. Suppose 0*k = -3*k + v. Calculate the greatest common factor of 20 and k.
5
Let g(b) = -4*b + 32. Let v be g(7). Let z be (0 + v)*(18 - 1). Calculate the greatest common divisor of z and 4.
4
Let h(t) = -2*t**2 + 82*t + 1407. Let f be h(54). Suppose 4*s = 2*c - 4 + 150, 4*s = -c + 161. Calculate the highest common factor of f and s.
3
Let k(j) = 2*j**2 - 2. Let q be k(0). Let x be (4/6 - q/(-2))*-15. Suppose 3*p = 0, 3*c - 29 - 22 = -x*p. Calculate the greatest common divisor of c and 119.
17
Let h be 6*1/(4/2). Suppose 6*i = h*i + 246. Let x = i + -52. Calculate the highest common factor of 75 and x.
15
Suppose 397*n = -67*n + 4436 + 14588. Calculate the greatest common factor of n and 33743.
41
Suppose 0 = 33*n - 60*n + 23760. What is the highest common divisor of 550 and n?
110
Suppose -q - 7*k + 9*k = -2, -5*q = -k - 28. Calculate the highest common factor of 400 and q.
2
Let p(x) = -14*x - 67. Let l be p(-15). Suppose 0 = 5*i + 3*v - 551, 4*i = 2*v + l + 311. Calculate the highest common divisor of 16 and i.
16
Let w = -16 - -12. Let y be ((-162)/w)/((-12)/(-16)). What is the highest common divisor of y and 6?
6
Let x be (-5)/(-4) + 12660/48 + 5. Suppose n + 2 = 4*y, -22 = -5*n + y + 25. Calculate the highest common factor of n and x.
10
Let r = 70 + -74. Let o be (6/r)/(2*7/(-840)). Suppose -o = -3*f - 2*i, -3*f + 4*i + i + 111 = 0. What is the highest common divisor of f and 176?
16
Suppose -1222*r + 1215*r = -3759. Let l = 543 - r. Let a(k) = 14*k. Let b be a(1). Calculate the greatest common divisor of l and b.
2
Suppose 3*x - 1705 = -5*r, 0 = -4*x - 114*r + 109*r + 2275. Calculate the highest common factor of x and 1110.
30
Suppose -33*r + 611 = 14*r. What is the greatest common divisor of r and 65?
13
Let c be (-8 - -5) + 2 + 0. Let g be c/(1/3) - -12. Let s = 128 - 29. What is the highest common factor of s and g?
9
Let i be -36*(-16 - (24 - 17)). Calculate the highest common factor of 684 and i.
36
Let c = 39 - 27. Suppose -3*x + 6*m + 26 = 7*m, -3*m = x - 14. Let n be -8 + -5 + 8 + x. Calculate the highest common divisor of n and c.
3
Suppose -3*g - 528 = -6*g. Suppose 5*r = 2*y + 46 + 24, 89 = 4*r + 5*y. What is the greatest common factor of g and r?
16
Suppose -5*a + 0*a + 110 = 0. Let x be 664/(-1)*(4 + (-33)/8) - -5. Calculate the greatest common factor of a and x.
22
Suppose -19851 - 172711 = 180*o - 1994002. What is the highest common factor of o and 18?
18
Suppose 4*u + 17 = -5*d, -5*d + 0 - 15 = 5*u. Suppose u*f = -3*f - 10, 2*n + 4*f - 56 = 0. What is the highest common divisor of n and 1?
1
Let p = 765 - 772. Let l(g) = -4*g**3 - 17*g**2 + 2*g - 8. Let r be l(p). What is the highest common factor of r and 11?
11
Let x = 529 + -515. Let r be 3 + 56/16*8/x. Calculate the highest common factor of 65 and r.
5
Let r be -3 + 6*(-6)/(-9). Let z be (-3)/(5/(9 + -4)). Let w be 5 + (z - -1) + -2. Calculate the highest common factor of w and r.
1
Let s(o) = -2*o**2 - 8*o + 8. Let v be s(-6). Let g be -63*(v/12 + 1). What is the greatest common factor of 14 and g?
7
Let u(o) = 53*o**3 + 9*o**2 - 10*o + 2. Let a be u(1). Let j = -160 + 295. Calculate the greatest common divisor of j and a.
27
Suppose -3*f - 13 = -4*f - 2*l, 5*f + 4*l - 35 = 0. Suppose 0*v = f*v - 216. Suppose -96 = 4*x - 8*x. Calculate the greatest common factor of x and v.
24
Suppose -t = -5*t + 8. Let f(i) = i**3 + i**2 - 1. Let k be f(t). Let r = -96 + 129. What is the greatest common divisor of r and k?
11
Suppose -s - 3*j = -332, 5*s = j + 438 + 1190. Suppose -592 = -4*b + 4*m, -2*b + s = -4*m + 20. What is the highest common divisor of 39 and b?
13
Suppose 737*n = 739*n + 584. Let g = n - -312. Calculate the greatest common factor of 40 and g.
20
Suppose 114*b + 40895 = 437273. What is the greatest common divisor of 57 and b?
57
Let l = -4556 + 5106. What is the highest common divisor of 90 and l?
10
Let x be -1*6/10 + 330/50. Let y be 4/x - (1196/3)/(-2). What is the greatest common factor of y and 8?
8
Let l be 356*6/24 + 36/(-312)*-26. Let f(d) = -14*d**3 - 2*d - 1. Let x be f(-2). Calculate the highest common factor of l and x.
23
Let s be 81/(-6)*10/15. Let q = s + 17. Suppose 5*w = q*w - 114. Calculate the greatest common divisor of 95 and w.
19
Suppose 0 = 10*c - 14*c + 36. Suppose -c*x + 2*x = -140. Let n(a) = -a**3 + 8*a**2 - 20*a + 101. Let f be n(7). What is the greatest common factor of f and x?
10
Suppose -3256*r = -3252*r - 4*h - 8352, -4*r = 5*h - 8280. Calculate the highest common divisor of 65 and r.
65
Let s(t) = 17*t**3 + t**2 + 59*t - 59. Let w be s(1). Suppose -a + 131 = 5*r, -3*a - 3*r + 2*r = -379. What is the highest common divisor of w and a?
18
Suppose -d + 12168 + 5951 = 5546. Calculate the greatest common factor of d and 99.
99
Suppose -5*y - 4*o + 35 = 0, -45*y + 41*y + 19 = 5*o. What is the highest common divisor of y and 5401?
11
Let p be (-1 + (-9)/(9/106))*1. Let h = -75 - p. Calculate the greatest common divisor of 80 and h.
16
Suppose 27863 = 3310*d - 3293*d. Calculate the highest common divisor of d and 55.
11
Let f(b) = -829*b + 3320. Let s be f(-2). What is the highest common divisor of 76 and s?
38
Suppose -2*y + 7 = 1, -4*y = -12*o + 132. Calculate the greatest common divisor of o and 44628.
12
Suppose 0 = -x + 3*i - 1, 1 = 5*i - 9. Let d(w) = -w**2 + 15*w - 30. Let a be d(x). What is the highest common factor of 5 and a?
5
Let t = 188 + -192. Let k be ((-12)/(-3))/t - -2. What is the greatest common divisor of 8 and k?
1
Let b = 12076 - 11851. Calculate the highest common divisor of b and 162.
9
Let c(y